?
71
Calculate the greatest common factor of 77 and 5379.
11
What is the highest common factor of 14 and 826?
14
Calculate the highest common factor of 384 and 3504.
48
What is the highest common factor of 320 and 1728?
64
What is the greatest common divisor of 330 and 242?
22
What is the highest common divisor of 10 and 186?
2
What is the greatest common divisor of 8 and 1048?
8
What is the highest common divisor of 605 and 4114?
121
Calculate the highest common divisor of 5 and 580.
5
What is the highest common divisor of 119 and 323?
17
What is the greatest common factor of 31 and 1643?
31
What is the greatest common divisor of 1248 and 1014?
78
What is the greatest common divisor of 42 and 1197?
21
Calculate the highest common factor of 649 and 11.
11
Calculate the greatest common divisor of 966 and 4416.
138
What is the highest common divisor of 2730 and 468?
78
Calculate the greatest common divisor of 1428 and 374.
34
What is the greatest common divisor of 5 and 875?
5
What is the highest common divisor of 330 and 264?
66
What is the highest common factor of 8 and 340?
4
What is the highest common factor of 12 and 84?
12
What is the greatest common factor of 32 and 2?
2
Calculate the greatest common factor of 1485 and 54.
27
What is the highest common factor of 5239 and 91?
13
What is the greatest common factor of 1512 and 9912?
168
What is the highest common factor of 6860 and 28?
28
Calculate the greatest common divisor of 14 and 98.
14
Calculate the greatest common divisor of 52 and 65.
13
Calculate the greatest common divisor of 165 and 60.
15
What is the highest common factor of 40 and 75?
5
What is the greatest common divisor of 140 and 1876?
28
Calculate the highest common factor of 370 and 20.
10
Calculate the highest common divisor of 39 and 507.
39
What is the greatest common divisor of 24 and 984?
24
What is the highest common factor of 3 and 1761?
3
Calculate the greatest common divisor of 26 and 78.
26
Calculate the greatest common divisor of 11359 and 37.
37
What is the highest common divisor of 110 and 22?
22
Calculate the highest common divisor of 3056 and 573.
191
Calculate the greatest common factor of 1184 and 37.
37
Calculate the highest common factor of 39 and 6.
3
Calculate the highest common factor of 4 and 388.
4
What is the highest common factor of 22698 and 234?
234
What is the greatest common divisor of 88 and 4?
4
What is the highest common divisor of 300 and 12?
12
What is the highest common divisor of 156 and 80?
4
Calculate the greatest common divisor of 39 and 3.
3
Calculate the highest common divisor of 4 and 196.
4
What is the highest common divisor of 63 and 8841?
21
What is the greatest common divisor of 18 and 2538?
18
What is the greatest common factor of 35 and 2045?
5
Calculate the greatest common divisor of 114 and 18.
6
What is the greatest common divisor of 88 and 1914?
22
Calculate the highest common divisor of 21 and 1043.
7
Calculate the greatest common factor of 225 and 125.
25
What is the greatest common divisor of 2255 and 1375?
55
What is the greatest common factor of 46 and 207?
23
What is the greatest common divisor of 62 and 2914?
62
What is the highest common divisor of 6300 and 3420?
180
Calculate the highest common factor of 8481 and 33.
33
What is the greatest common divisor of 4163 and 3439?
181
Calculate the greatest common divisor of 2336 and 73.
73
What is the greatest common divisor of 105 and 770?
35
Calculate the highest common divisor of 77 and 55.
11
What is the greatest common factor of 392 and 175?
7
What is the greatest common factor of 1937 and 39?
13
Calculate the highest common factor of 22 and 209.
11
Calculate the greatest common factor of 8 and 24.
8
Calculate the greatest common factor of 154 and 33.
11
Calculate the highest common divisor of 10 and 70390.
10
What is the highest common factor of 2 and 512?
2
What is the highest common factor of 36 and 90?
18
Calculate the highest common divisor of 136 and 6035.
17
What is the greatest common factor of 90 and 2286?
18
What is the highest common factor of 770 and 308?
154
Calculate the greatest common divisor of 66 and 198.
66
What is the greatest common divisor of 4016 and 40?
8
Calculate the highest common divisor of 159 and 106.
53
What is the greatest common divisor of 72242 and 82?
82
Calculate the greatest common factor of 12 and 867.
3
Calculate the greatest common factor of 45 and 60.
15
What is the greatest common factor of 2842 and 174?
58
Calculate the highest common factor of 21 and 2289.
21
What is the greatest common factor of 2419 and 205?
41
What is the highest common divisor of 69 and 966?
69
Calculate the greatest common divisor of 896 and 3200.
128
What is the highest common divisor of 64 and 10?
2
What is the greatest common factor of 87 and 261?
87
What is the greatest common divisor of 558 and 36?
18
Calculate the greatest common factor of 117 and 91.
13
What is the highest common factor of 2773 and 1?
1
Calculate the highest common factor of 472 and 3068.
236
Calculate the highest common factor of 62 and 496.
62
What is the greatest common factor of 489 and 652?
163
What is the greatest common factor of 102 and 6?
6
What is the highest common divisor of 5291 and 88?
11
Calculate the greatest common divisor of 275 and 25.
25
Calculate the highest common factor of 156 and 108.
12
What is the highest common factor of 666 and 74?
74
Calculate the greatest common factor of 10 and 46570.
10
What is the highest common divisor of 170 and 136?
34
Calculate the greatest common factor of 313 and 1.
1
Calculate the highest common divisor of 18580 and 20.
20
What is the greatest common divisor of 1805 and 570?
95
Calculate the highest common factor of 1910 and 10.
10
Calculate the highest common divisor of 4 and 172.
4
What is the greatest common divisor of 868 and 930?
62
Calculate the greatest common factor of 900 and 45.
45
What is the highest common divisor of 48294 and 18?
18
What is the highest common divisor of 80 and 20?
20
Calculate the highest common factor of 96298 and 178.
178
Calculate the highest common factor of 77 and 14.
7
Calculate the highest common divisor of 64 and 1168.
16
What is the greatest common divisor of 848 and 400?
16
Calculate the highest common factor of 31 and 2015.
31
Calculate the highest common factor of 845 and 1625.
65
Calculate the highest common divisor of 1647 and 27.
27
What is the highest common divisor of 35 and 34335?
35
Calculate the greatest common factor of 190 and 9785.
95
Calculate the highest common factor of 700 and 1600.
100
Calculate the highest common factor of 4 and 254.
2
What is the highest common factor of 65 and 143?
13
What is the highest common divisor of 114 and 627?
57
What is the highest common divisor of 63 and 77?
7
Calculate the greatest common divisor of 1418 and 4.
2
What is the greatest common divisor of 3297 and 21?
21
Calculate the highest common factor of 219 and 584.
73
What is the highest common factor of 11 and 7359?
11
What is the greatest common factor of 158 and 5609?
79
What is the greatest common factor of 105 and 6699?
21
What is the greatest common divisor of 494 and 26?
26
What is the highest common divisor of 75 and 525?
75
What is the greatest common factor of 7 and 140?
7
Calculate the highest common factor of 3 and 271.
1
Calculate the highest common factor of 7 and 49.
7
Calculate the highest common factor of 69 and 1564.
23
Calculate the greatest common factor of 266 and 14.
14
Calculate the highest common factor of 1825 and 75.
25
Calculate the greatest common factor of 47 and 4606.
47
Calculate the highest common factor of 172 and 1462.
86
What is the greatest common factor of 90 and 70?
10
What is the highest common factor of 1577 and 19?
19
What is the greatest common divisor of 155 and 899?
31
Calculate the highest common factor of 470 and 190.
10
Calculate the greatest common factor of 2639 and 65.
13
What is the highest common divisor of 30 and 1065?
15
What is the highest common factor of 675 and 13905?
135
What is the greatest common factor of 2266 and 11?
11
What is the greatest common divisor of 42 and 98?
14
What is the highest common factor of 96 and 1824?
96
Calculate the greatest common factor o